**2 + 26*j - 142. Let y be r(18). Suppose 500 = 2*p - 3*b, -y*p - 956 = -q*p - 5*b. What is the hundreds digit of p?
2
Let s be 268/(-2278) - (-1976)/34. Let u(t) = t**3 - 2*t - 2. Let l be u(-2). Let i = s + l. What is the units digit of i?
2
Suppose 17*m = -3325 + 15769. Suppose 4*u + 3*d - m = 69, -u + 201 = d. What is the tens digit of u?
9
Suppose -4*a + f + 8371 = -9221, -2*a = 5*f - 8796. What is the thousands digit of a?
4
Let z(q) = -q**3 - 14*q**2 + 227*q - 63. What is the hundreds digit of z(-34)?
3
Let n(j) = j**2 + 13*j + 40. Let h be n(-4). Suppose -h*o + 4*r + 1412 = 0, 2*o - 682 = -r - 3*r. What is the tens digit of o?
4
Let p(o) = 3*o + 35. Let g be p(-11). Suppose -g*x = -5*j - 3*x + 25, -j = 3*x - 5. Suppose -j*m - m + 36 = 0. What is the units digit of m?
6
Let x be 11/(440/192)*20/6. Let i(c) be the second derivative of c**5/20 - 5*c**4/4 - 8*c**3/3 + 4*c**2 - 20*c. What is the units digit of i(x)?
8
What is the units digit of (18324/(-16))/(-33 + 30 - 117/(-40))?
0
Let p be -2*1/(-1*1). Suppose -3365*j = -3364*j - 4. Suppose -j*a - 4*g = -199 - 173, 0 = 4*a - p*g - 342. What is the tens digit of a?
8
Let s be (-235)/45 + 5 - 1022/18. Let h = 72 + s. Let x = 22 - h. What is the units digit of x?
7
Let v = 193 + -190. Suppose -3*o + 236 + 1174 = 2*w, -v*w - 4*o = -2117. What is the tens digit of w?
1
Suppose -f + t + 1941 + 464 = 0, -t - 4805 = -2*f. What is the tens digit of f?
0
Let n(v) be the first derivative of 3*v**4/4 - 5*v**3/3 - v**2 + 3*v + 79. Let b(o) = o**2 + 15*o + 4. Let q be b(-15). What is the units digit of n(q)?
7
Let b = -37 - -33. Let k be (-19)/(-5)*(1/1 - b). Suppose r = -y + 105, y + 2*r = 125 - k. What is the tens digit of y?
0
Let z be -5*(-6)/(-75)*1545. Let b = z - -1093. What is the units digit of b?
5
Suppose -110 - 50 = 5*z. Let n = z + 36. Suppose 0*y - 241 = -5*c - n*y, -4*y = -3*c + 151. What is the units digit of c?
9
Suppose 5*b = -4*j + 36349, 0 = -2*b + 57*j - 62*j + 14560. What is the units digit of b?
5
Let f = 330 - 64. Suppose f - 74 = 3*z. What is the tens digit of z?
6
Let z(t) = -2*t + 1. Let c(m) = -2*m**2 - 5*m + 1. Let r be c(-4). What is the units digit of z(r)?
3
Let k(w) = w**3 - 5*w**2 - w + 7. Let z be k(5). Let v = 259 - 254. What is the tens digit of 194*(v/z - 2)?
9
Suppose -1507 = 8*h + 1813. Let b = 2348 + h. What is the thousands digit of b?
1
Let d(r) = -5*r**2 + 7*r + 56. Let v(n) = -5*n**2 + 8*n + 55. Let m(k) = -5*d(k) + 4*v(k). What is the units digit of m(-12)?
6
Suppose -2*u = 3*x - 2, -x + 9 = 2*u - 3*u. What is the hundreds digit of x + 0 + (-414)/4*-2?
2
Suppose 0 = -65*n + 39*n + 172770. What is the units digit of n?
5
Let w be 8/((4144/129)/8 - 4). Suppose 2*l = -0*m + 4*m + w, 10 = -5*m. What is the units digit of l?
4
What is the units digit of 0 + 2991/6 - (-107)/(-214)?
8
Suppose 10*k + 580236 + 7284 = 40*k. What is the thousands digit of k?
9
What is the hundreds digit of (1 - -8) + (-448605)/(-405) + 4/(-6)?
1
Let z(g) = -138*g**2 + 4*g + 47674. What is the hundreds digit of z(0)?
6
Let z(u) = -2*u**3 + 46*u**2 + 409*u. What is the hundreds digit of z(-18)?
2
Let d be ((-216)/60)/(3/((-705)/2)). Suppose 597 = 5*o - d. Suppose 0 = -h + 7*h - o. What is the tens digit of h?
3
Let l(r) = 3*r**2 + r + 1. Let y be l(-1). Suppose -17*f - 5*s = -18*f + 1063, -3147 = -y*f + s. What is the tens digit of f?
4
Let u be ((-964)/2)/(34/51). Let c be u/(-7) + (-6)/21. Let i = 180 - c. What is the units digit of i?
7
Let y = 3511 + 4475. What is the tens digit of y?
8
Let r(u) = 5133*u - 3236. What is the tens digit of r(5)?
2
Let d(m) = -595*m - 1170. What is the tens digit of d(-31)?
7
Let a = -182 + 196. Suppose 1165 = 19*d - a*d. What is the units digit of d?
3
Let p = -1 + 1. Suppose -102 = 73*z - 613. What is the tens digit of 2616/56 + 2/z + p?
4
Let c = 70 - 68. Suppose 0 = 5*p - c*u - 64, p = -5*u + 1 + 1. What is the tens digit of 5 + -4 + 2 + p?
1
Let x = -671 + 4274. What is the hundreds digit of x?
6
Suppose -537*o - 25 = -536*o. Let f be 1/((-3)/(-90)) - 1. Let x = f + o. What is the units digit of x?
4
Suppose 3*t - 45*t = 72954. What is the tens digit of t/(-1) - (-114 - -110)?
4
Suppose 0 = -5*g + 2*t + 20, 7 - 32 = 5*t. Suppose -2*y = -y - 20. Suppose -2*w + 4 = g*j - 0, 5*w + y = j. What is the units digit of j?
5
Suppose 6*h + 1421 = 10691. What is the units digit of h?
5
Let l(u) = -409*u + 42. Let y be l(-4). Let x = y + -1096. What is the tens digit of x?
8
Suppose 5*p = -5*j + 3680, -j + 2*p = -600 - 136. Suppose -2*h - j - 453 = -3*u, 4*u - h = 1582. What is the hundreds digit of u?
3
Let t be 0 + 0 + -4 - (-30)/(-5). What is the tens digit of 2181/27 + 7*t/(-315)?
8
Let d(r) = 81*r - 110*r + 0*r**2 + 0 - 9*r**2 - 5*r**2 - 1 - 48*r**3. What is the tens digit of d(-3)?
5
Suppose 5*y - 3*w + 100 = 370, 108 = 2*y + w. What is the tens digit of (-2 - y/4)/((-1)/18)?
7
Let k = 102 - 70. Suppose 3*o = -4*i + 11, -2*i - o - 10 = -13. What is the units digit of (-13)/((-13)/k) + (-2 - i)?
1
Let b be ((-18)/8*1)/(2/176). Let d = b + 389. What is the tens digit of d?
9
Suppose r = d + 116 - 37, -3*r = 4*d - 244. Let o = r + 66. Suppose -o = -4*v + 302. What is the tens digit of v?
1
Let g = -2279 - -3344. Let b = 2106 - g. What is the thousands digit of b?
1
Let m(n) = n**3 - 4*n**2 - 10*n - 6. Let s be m(6). Let o be (-765)/(-6) - (-3)/s. Let v = -68 + o. What is the units digit of v?
0
Suppose 0 = -3*x + 15*x - 3708. Let i = x - -28. Let o = -157 + i. What is the units digit of o?
0
Let a = 24 + 672. Let q = a - -538. What is the thousands digit of q?
1
Let o(a) = a**3 + 3*a**2 - 5*a - 7. Let h(m) = m**2 + 9*m + 16. Let q be h(-5). Let y be o(q). Let p = y - -187. What is the hundreds digit of p?
1
What is the hundreds digit of (14 - 9) + ((-19110)/(-15))/(4/18)?
7
What is the units digit of (63252/(-147) - 18)/((-1)/14)?
6
Let q be (-3)/(-2) - 54/12. Let s be 1*-121*(6/q - 11). What is the hundreds digit of 28/98 + s/7?
2
Let f(z) = -98*z**2 - 96*z**2 + 190*z**2 + 9*z**3 + 16 - 5*z. What is the hundreds digit of f(4)?
5
Let x(h) = -4*h**3 - 2*h**2 - 2*h - 1. Let g be x(-1). Let d(k) = 0 + 33*k - 68*k + 38*k + 4. What is the tens digit of d(g)?
1
Let c be (1 - -2) + (172 - -3). Let w = -6 + c. What is the hundreds digit of w?
1
Let y(t) = -107*t + 169. Let w(n) = -7*n**2 + 4*n + 4. Let c be w(-1). What is the tens digit of y(c)?
1
Suppose -38*v - 24*v + 339726 = -21*v. What is the tens digit of v?
8
Let k(v) = 345*v**2 - 20*v - 31. Let h be k(-2). Suppose 4*j - 963 = -r, -h = -2*r - 2*j + 543. What is the units digit of r?
7
Suppose 1810 = -7*v - 3377. Let t = v - -2255. What is the thousands digit of t?
1
Suppose 11 = 4*i - 2*a - 31, -3*i = -3*a - 27. Suppose -i = -5*s + 23. Suppose s*x = 27 + 169. What is the units digit of x?
8
Let n(b) = -5*b**2 - 12 + 3*b**3 + 3 - b**3 - b**3 - 4*b. Let l be n(6). Suppose -l*p = p - 52. What is the tens digit of p?
1
Suppose 12 + 6 = 6*k. Let o(l) = -11 + l**2 - 15 + 4 - 14*l - k. What is the hundreds digit of o(-10)?
2
Let v be -5 - (284/(-3) + 8/(-24)). Suppose -v*l - 15408 = -108*l. What is the units digit of l?
6
Let a(w) = 1753*w**3 - 3*w**2 + 5*w - 2. Let v be a(1). Suppose 15*l = 1007 + v. What is the tens digit of l?
8
Suppose 8*r - 7 - 17 = 0. Suppose -3*a = 5*q - 1114, 218 = 4*q - r*q + 3*a. What is the hundreds digit of q?
2
Let n(m) = m**3 + 77*m**2 + 121*m + 196. What is the ten thousands digit of n(-39)?
5
Let o = -20502 + 29766. What is the hundreds digit of o?
2
Suppose 19*p + 360 = -p. Let y(b) = -50*b + 65. What is the units digit of y(p)?
5
Suppose 69*n - 63*n = -21000. Let j = 5197 + n. What is the units digit of j?
7
Let f(b) = -b + 4. Let a be f(-4). Let y be 430/a + (-2)/(-8). What is the units digit of y/12*20/6?
5
Let z be (56/(-3))/(14/(-21)). Suppose 4*p - z = 4*q, 4*p - 3 - 7 = -5*q. Suppose p*n = -3*c + 412, 2*c + 3*c - 180 = -2*n. What is the tens digit of n?
8
Let a = 62 - 59. Suppose a*z - 3*t = -3, 8*z - 5 = 3*z - 5*t. What is the tens digit of 14 - (2 - z - (1 - -2))?
1
Let v(k) = 10*k - 130. Let q be v(17). Suppose -16530 = -q*g + 2*g. What is the tens digit of g?
3
Let a = 59 - 41. Suppose 0 = -120*w + 55*w - 910. Let r = a - w. What is the units digit of r?
2
Let y b